t q be j(9). Let b(z) = -z - 2. Determine b(q).
4
Let n(q) = -q**2 + 6*q - 1. Let t be n(6). Let s = t + 5. Suppose 2*o - s*o = -2. Let c(u) = 7*u - 1. What is c(o)?
6
Let s(m) = m + 7*m - 7*m + 7. Determine s(-6).
1
Let b(d) = -d**2 - d + 1. Let j(o) = -5*o**2 - 3*o - 2. Let f(r) = 4*b(r) - j(r). Let u = 58 - 58. What is f(u)?
6
Suppose j + 22 = -4*t, -4*t + 5*j = j + 12. Let i(q) = -9 + q**2 + 7 - 3*q + 14*q. Let m(g) = 3*g**2 + 32*g - 6. Let h(c) = 17*i(c) - 6*m(c). Calculate h(t).
2
Let u(w) = w + 1. Let c(y) = -8 - 10*y + y + 0. Let n(v) = c(v) + 6*u(v). Suppose 2*i - 3*z + 1 = 0, -4*z + 2 = -3*i - 0. What is n(i)?
4
Let b(o) = -2*o - 2. Let i(f) = -f - 1. Let l(g) = -4*b(g) + 7*i(g). Suppose 15 = 5*m - 2*m. Calculate l(m).
6
Let g(z) = 8 - z + 0*z + 0*z. Suppose -5*y = -0*q + 3*q - 12, 4*q - 16 = 5*y. Suppose 3*r + x - 7 - 5 = 0, q*r - 16 = -x. Determine g(r).
4
Suppose -g = -2*g. Suppose -2 = -g*n - n - 3*a, -3*n = a + 2. Let b(y) = -y**2 + 1. Give b(n).
0
Let g(t) = 2*t**2 + 4 - 5*t + 4*t - 2*t - t**2. Let h be 26/10 + 4/10. Let n = h - 0. Give g(n).
4
Let k(z) = -8 + 3*z + 3 - 2*z. Suppose 0 = 2*v - 3*b - 3, 3 = v - 4*b + b. What is k(v)?
-5
Let s(a) be the second derivative of -a**5/20 - 7*a**4/12 + 4*a**3/3 + a**2 + 31*a. Determine s(-8).
2
Let b be (-1)/(-2 - 36/(-16)). Let m(a) = a**2 + 5*a + 5. Give m(b).
1
Let j(o) be the first derivative of o**2/2 + 9*o - 2. Let x be j(-7). Let h(c) = -c**2 - c - 2. Determine h(x).
-8
Let b(k) = -k**2 + 8*k - 10. Let z be b(7). Let h(y) = -y**2 - 4*y - 1. Let r be h(z). Let t(j) = -j**2 + 2. Calculate t(r).
-2
Suppose -5*p + 10 = -5*s, 5*s = -p - p - 24. Let q(g) = 2*g**3 + g**2 - 2*g + 1. Calculate q(p).
-7
Let u(i) = -i - 6. Let w(o) = -7*o + 1. Let s be w(1). Calculate u(s).
0
Let j(c) be the first derivative of c**4/4 - 8*c**3/3 + 7*c**2/2 - 2*c - 15. Give j(7).
-2
Suppose 6*o + 12 = 2*o. Let r(a) = a**2 - 3*a - 7. Let v be r(5). Let i(b) = b**2 + 3*b - v + 0*b + 1. Give i(o).
-2
Suppose 4*i = -5*f + 3 + 20, -5*f = 2*i - 19. Let s(p) = p + 0*p + 3 - 2 + p + 2*p**i. Give s(-3).
13
Let x(n) = n**3 - 10*n**2 + 4. Let b be x(10). Let i(m) = -3*m + 5*m - 3*m - b*m. Determine i(1).
-5
Let m = 45 + -54. Let o(z) = z**2 + 7*z - 10. Calculate o(m).
8
Let u(r) be the third derivative of -r**6/120 - r**5/10 - r**4/24 - 4*r**3/3 + 11*r**2. Calculate u(-6).
-2
Let b(q) = -3*q + 1. Let s(y) = -y**3 + 5*y**2 - 3*y - 1. Let j be s(4). What is b(j)?
-8
Let o = -1 + 6. Let v = o - 1. Let g(c) = 2*c**2 - 6*c. Calculate g(v).
8
Suppose 2*u = -4*n, 6*n - n = u - 21. Let v(r) be the first derivative of r**3/3 - 3*r**2/2 - 7*r + 23. Calculate v(u).
11
Suppose 5*g - 21 = -6. Let h(b) be the third derivative of 0*b**5 + 0*b - 1/6*b**g - 2*b**2 + 0 + 1/120*b**6 + 1/12*b**4. Determine h(1).
2
Let f(d) be the first derivative of d**2/2 + 2*d + 24. Determine f(2).
4
Let m be (3 + (-2 - -2))*-1. Let o be m - -2 - (-2 - -4). Let k(d) = 3*d + 3. Calculate k(o).
-6
Let w(g) = -g + 1. Let k be w(-5). Let n = -4 + k. Let z(y) be the first derivative of y**4/4 - 5*y**3/3 + y**2 + y - 2. Determine z(n).
-7
Let n(k) = k**3 - 6*k**2 + 4. Let c(o) = 19*o + 1. Let w be c(-1). Let i = 13 + w. Let q = i + 11. Give n(q).
4
Let i be (-174)/(-30) - (-1)/5. Let l(f) = -f**3 + 7*f**2 - 6*f + 3. Give l(i).
3
Let t(y) = -y**2 + 4*y + 3. Let r be t(5). Let c(i) = 9*i - 2. Calculate c(r).
-20
Let k(o) = 10*o**2 + 1 - 6*o**2 + 5*o**2. Give k(-1).
10
Let a(g) = g**3 + 7*g**2 + 4*g - 8. Let t be a(-6). Let r(d) = d**2 - 3*d - 1. Determine r(t).
3
Let l(j) = 1. Suppose -2*i = -4*r + 16, 3*r = 4*i + 8 - 1. Let k(y) = y + 2. Let u(x) = i*k(x) - 4*l(x). Give u(1).
2
Let g(z) = 20 - 15 - 7 - z. Suppose -5*b = 4*a + 9 - 2, 5*b - 11 = 2*a. Let o(u) = -2*u**2 - 4*u + 1. Let t be o(a). Calculate g(t).
3
Let n(i) = -i**2 - i + 5. Let z(a) = -4*a**2 - 3*a + 15. Let f(s) = 7*n(s) - 2*z(s). Let g(u) = u**2 - 2*u + 1. Let c be g(1). Give f(c).
5
Let x(s) = 2 - 2*s - s - 3*s - 1. What is x(-1)?
7
Let o = 129 - 122. Let h(g) = -g - 4. What is h(o)?
-11
Let r(z) be the third derivative of -1/24*z**6 - 1/60*z**5 + 0*z**3 - 1/24*z**4 + 0 - 4*z**2 + 0*z. Calculate r(-1).
5
Let m(p) = -p**3 - 3*p**2 + 5*p + 6. Let f(w) = -3*w**2 + w - 2. Let z(u) = -u**3 + 3*u**2 + 5*u - 2. Let b be z(4). Let q be f(b). Let g = q + 8. Give m(g).
2
Let h(c) = -13*c**2. Let v be 0 + -3 + 3 + 1. What is h(v)?
-13
Let b(z) = -z**3 - z + 6. Let x be b(0). Suppose p - x = -3. Let l(h) = -2 + p + h - 2. Determine l(-1).
-2
Suppose 4*p - 14 = 5*j + 16, 0 = 3*p. Let f(u) be the second derivative of -u**5/20 - 5*u**4/12 + 5*u**3/6 - 2*u**2 + u. Determine f(j).
2
Suppose 0 = -0*v + 2*v. Let n(u) be the third derivative of -u**4/24 - 5*u**3/6 + 21*u**2. Calculate n(v).
-5
Let m(p) be the second derivative of -p**5/20 - p**4/12 - p**3/6 - p**2/2 - 6*p. Determine m(-1).
0
Let n(i) = -i**3 + 2*i - 7 - 4*i**2 + 2 + 0*i**3. Give n(-5).
10
Let m(t) = t + 3. Let q be m(-6). Let b = q + 8. Let j(r) = -1. Let g(z) = -z**3 + 5*z**2 - z - 6. Let a(u) = -g(u) + 4*j(u). What is a(b)?
7
Let a(y) = -y - 3. Let k(w) = 3*w + 6. Let n(b) = 11*a(b) + 6*k(b). Give n(-3).
-18
Let w(p) = 21*p**3 - 14*p**3 - 7*p - 6*p**3 - 2*p**2 + 5 + 8*p**2. What is w(-7)?
5
Let b(j) = -j**3 - 4*j**2 + 4*j + 5. Let k(h) = 7*h**2 + 25*h + 3. Let r(z) = -4*z**2 - 13*z - 1. Let g(q) = 3*k(q) + 5*r(q). Let v be g(-9). Determine b(v).
10
Let a = -4 - -7. Suppose -5 = -u - a*g, -3*g - 1 = -u - 2*g. Let z(n) = -n - 1. Let p(h) = h**3 - 4*h**2 - 5*h - 4. Let k(l) = -p(l) + 5*z(l). Determine k(u).
7
Let d(v) = 7*v**2 - 3*v - 11. Let r(l) be the second derivative of l**4/3 - l**3/6 - 3*l**2 + 3*l. Let w(z) = -3*d(z) + 5*r(z). Calculate w(5).
-2
Let b(q) = -q**3 + q + 1. Let v(g) = -3*g + 2*g**3 + 9*g + 7 - 4*g**3. Let c be (4/(-12))/((-7)/21). Let t(z) = c*v(z) - 6*b(z). Give t(-1).
-3
Let s = 0 + 1. Let x be 6/(-3)*s - -5. Suppose 0 = -x*g - 5 - 1. Let t(n) = -3*n - 2. What is t(g)?
4
Let i(g) be the first derivative of 2 + 4*g - 1/2*g**2. What is i(-3)?
7
Let j(w) = -w - 6. Let u = -4 + 4. Suppose u*o = -5*o + 10. Suppose -6 = -o*t - 3*x, 0 = -7*t + 2*t - 2*x - 7. Calculate j(t).
-3
Let t(n) = -n**3 - 4*n**2 + 6*n - 2. Let x(g) = g**3 - 5*g**2 + 4*g + 3. Let o be x(4). Suppose 2*p = o*d + 9, -d - 3 = -3*p - 7. What is t(d)?
-7
Let j(f) = f**3 + 28*f**2 - 30*f - 35. Let t be j(-29). Let i(u) = -u**2 + 5*u - 3. Let y(d) = 4*d**2 - 14*d + 10. Let b(l) = 7*i(l) + 2*y(l). Give b(t).
-7
Let v(y) be the third derivative of y**4/24 - 3*y**3/2 + 34*y**2. Let o(d) = d**3 + 3*d**2 - 4*d + 5. Let r be o(-4). Suppose -r*b + b = 0. What is v(b)?
-9
Let p(v) = 0*v - 4*v - 7 + v**2 + 0 + 0*v**2. Let b be p(6). Let i(t) = -1. Let d(h) = h + 1. Let l(s) = b*i(s) + d(s). Calculate l(3).
-1
Let l(b) = 3*b - 9. Let u(v) = -16*v**3 - v**2 + 1. Let j be u(-1). Let t be (-74)/(-10) + j/(-40). What is l(t)?
12
Let m = -101 - -218. Let x be m/6 + 1/2. Suppose 2*d + 2*q - 10 = 0, 0 = 2*q + 3*q - x. Let r(s) = 6*s**3 + s**2 - s. Determine r(d).
6
Let k(z) be the second derivative of -z**4/12 + 2*z**3/3 + 5*z**2/2 + 9*z. Determine k(6).
-7
Let s(x) be the third derivative of -x**7/2520 - x**6/144 + x**5/30 + x**4/12 + 5*x**2. Let h(v) be the second derivative of s(v). Determine h(-6).
-2
Let y(s) = -s + 2. Let m(z) = -3*z - 5*z + 3*z + 6*z - 1. Let a be m(5). What is y(a)?
-2
Let p(j) = -7*j**3 - 17*j**2 + 14*j. Let f(h) be the second derivative of -h**5/10 - h**4/2 + 5*h**3/6 - 2*h. Let m(s) = 17*f(s) - 6*p(s). What is m(-1)?
-9
Suppose l + 25 = -5*t, 3*l - 2*t = -3*t - 5. Let i(a) = a**3 + a - 8. What is i(l)?
-8
Let x(y) = y**2 - 9*y + 2. Let l be x(9). Suppose 0 = -4*f - l*w, -3 = 5*f - w - 17. Let c(j) = j - 2. Determine c(f).
0
Let u(k) = -k**3 - 5*k**2 - 3*k + 1. Let f(j) = -j + 2. Suppose m - 10 = -4. Let w be f(m). What is u(w)?
-3
Suppose -4*c - 2*z = -11 - 13, 5*z = 2*c - 12. Let t(v) = v - 9. What is t(c)?
-3
Suppose 0 = v - 0*h + 2*h + 1, -2*h - 3 = -v. Let c(y) = 5*y**3 - 1. Calculate c(v).
4
Let d(u) = -2*u**3 - 2*u**2 + 2*u + 3. Let g(y) = 5*y - 4. Let o(m) = -4*m + 4. Let j(p) = 5*g(p) + 6*o(p). Let x be j(-6). Calculate d(x).
7
Let u(f) = -f**3 - 5*f**2 - 2*f - 1. Let g be 10*(-2 + 24/15). Give u(g).
-9
Let t(w) = -w**3 - 3*w**2 + 2*w + 3. Let 